or of 5612 and 23.
23
What is the highest common factor of 184 and 115?
23
Calculate the greatest common divisor of 230 and 450.
10
What is the greatest common divisor of 540 and 396?
36
What is the highest common factor of 36 and 612?
36
Calculate the highest common divisor of 3040 and 60.
20
What is the greatest common divisor of 112 and 42?
14
What is the greatest common divisor of 31 and 496?
31
What is the greatest common factor of 63 and 2947?
7
Calculate the highest common factor of 11 and 2761.
11
What is the greatest common factor of 16 and 576?
16
What is the highest common factor of 975 and 5?
5
Calculate the greatest common divisor of 35 and 2765.
35
Calculate the highest common factor of 28 and 48.
4
What is the highest common divisor of 3 and 39?
3
What is the highest common factor of 4062 and 12?
6
Calculate the greatest common divisor of 29 and 1537.
29
Calculate the highest common divisor of 70 and 80.
10
Calculate the highest common factor of 37 and 9.
1
Calculate the highest common factor of 2156 and 6160.
308
Calculate the highest common divisor of 208 and 40.
8
What is the greatest common factor of 31 and 3751?
31
What is the greatest common factor of 88 and 11?
11
Calculate the highest common factor of 85 and 9605.
85
What is the highest common factor of 168 and 63?
21
What is the highest common divisor of 249 and 1577?
83
Calculate the greatest common divisor of 132 and 40.
4
What is the highest common divisor of 294 and 60?
6
What is the greatest common divisor of 26754 and 14?
14
Calculate the highest common factor of 88 and 16.
8
What is the highest common factor of 10 and 1250?
10
Calculate the greatest common factor of 96 and 240.
48
What is the highest common divisor of 106 and 36623?
53
Calculate the highest common divisor of 30456 and 752.
376
Calculate the highest common factor of 52 and 416.
52
What is the highest common factor of 608 and 38?
38
Calculate the highest common divisor of 2 and 64.
2
Calculate the highest common divisor of 72 and 18.
18
What is the highest common divisor of 1292 and 204?
68
What is the greatest common divisor of 28 and 1484?
28
Calculate the greatest common divisor of 3078 and 19.
19
Calculate the highest common divisor of 62 and 124.
62
What is the greatest common factor of 78 and 83616?
78
Calculate the greatest common factor of 3706 and 119.
17
Calculate the highest common factor of 42 and 210.
42
Calculate the highest common divisor of 6107 and 788.
197
Calculate the greatest common divisor of 16 and 4256.
16
Calculate the highest common divisor of 3400 and 20.
20
What is the highest common divisor of 44 and 28?
4
Calculate the highest common factor of 1746 and 18.
18
What is the greatest common factor of 976 and 29036?
244
Calculate the greatest common factor of 20652 and 36.
12
What is the highest common divisor of 176 and 308?
44
What is the highest common divisor of 45 and 3435?
15
Calculate the greatest common factor of 989 and 387.
43
Calculate the greatest common factor of 52936 and 104.
104
What is the highest common divisor of 2 and 586?
2
What is the greatest common factor of 20 and 28?
4
What is the greatest common factor of 45 and 615?
15
Calculate the greatest common factor of 980 and 40.
20
Calculate the greatest common divisor of 504 and 66.
6
Calculate the greatest common divisor of 37 and 148.
37
Calculate the greatest common factor of 348 and 377.
29
What is the greatest common factor of 224 and 11144?
56
Calculate the greatest common divisor of 90 and 171.
9
Calculate the greatest common factor of 112 and 7504.
112
Calculate the highest common factor of 73 and 146.
73
Calculate the highest common factor of 6 and 438.
6
What is the greatest common factor of 2960 and 80?
80
Calculate the greatest common divisor of 648 and 1053.
81
What is the greatest common factor of 32 and 992?
32
Calculate the greatest common divisor of 6004 and 1580.
316
What is the highest common divisor of 2580 and 160?
20
What is the greatest common divisor of 130 and 455?
65
Calculate the greatest common factor of 612 and 18.
18
What is the greatest common factor of 1092 and 78?
78
What is the greatest common factor of 80 and 56?
8
What is the greatest common factor of 13 and 247?
13
What is the greatest common divisor of 4 and 100?
4
What is the highest common divisor of 17875 and 130?
65
Calculate the greatest common factor of 315 and 45.
45
What is the greatest common divisor of 250 and 7850?
50
Calculate the greatest common divisor of 21 and 56.
7
What is the highest common divisor of 4311 and 63?
9
What is the greatest common factor of 5 and 25855?
5
Calculate the highest common factor of 147 and 63.
21
Calculate the highest common factor of 1957 and 38.
19
What is the highest common factor of 56 and 3766?
14
What is the greatest common divisor of 854 and 42?
14
What is the highest common factor of 15 and 150?
15
Calculate the highest common factor of 167 and 6179.
167
What is the greatest common divisor of 57 and 304?
19
What is the greatest common divisor of 114 and 57?
57
What is the highest common factor of 5451 and 69?
69
What is the highest common divisor of 1288 and 805?
161
Calculate the highest common factor of 72 and 654.
6
What is the greatest common factor of 65 and 3055?
65
Calculate the greatest common factor of 6 and 1536.
6
Calculate the greatest common divisor of 33 and 11.
11
What is the highest common divisor of 330 and 170?
10
Calculate the highest common factor of 15 and 185.
5
What is the greatest common divisor of 1256 and 8?
8
What is the greatest common divisor of 350 and 630?
70
What is the greatest common divisor of 21312 and 64?
64
What is the greatest common divisor of 62 and 1116?
62
Calculate the highest common divisor of 26 and 2054.
26
What is the greatest common divisor of 6741 and 336?
21
What is the greatest common factor of 41 and 41?
41
What is the highest common divisor of 836 and 152?
76
What is the greatest common factor of 4077 and 302?
151
What is the greatest common divisor of 20 and 15940?
20
What is the highest common divisor of 1646 and 4?
2
Calculate the highest common divisor of 30 and 70.
10
What is the highest common factor of 182 and 2093?
91
Calculate the highest common factor of 980 and 590.
10
Calculate the highest common divisor of 628 and 12.
4
What is the greatest common factor of 46725 and 25?
25
What is the highest common factor of 15 and 795?
15
What is the highest common factor of 26 and 8?
2
Calculate the highest common divisor of 901 and 318.
53
What is the greatest common divisor of 64 and 288?
32
What is the highest common factor of 20160 and 72?
72
Calculate the highest common factor of 7 and 6349.
7
Calculate the highest common factor of 20 and 236.
4
Calculate the greatest common factor of 3498 and 66.
66
Calculate the greatest common factor of 26 and 598.
26
Calculate the highest common factor of 8 and 1996.
4
What is the greatest common factor of 70 and 1386?
14
What is the greatest common divisor of 11 and 803?
11
Calculate the highest common factor of 164 and 287.
41
What is the greatest common divisor of 156 and 48?
12
Calculate the greatest common divisor of 36 and 3087.
9
Calculate the highest common divisor of 9 and 279.
9
What is the highest common factor of 1134 and 6?
6
Calculate the highest common divisor of 210 and 56.
14
What is the highest common factor of 610 and 10?
10
What is the highest common divisor of 735 and 35?
35
What is the highest common factor of 292 and 657?
73
What is the highest common divisor of 154 and 286?
22
What is the highest common divisor of 256 and 2?
2
Calculate the greatest common factor of 234 and 18.
18
What is the greatest common factor of 1386 and 11?
11
Calculate the highest common divisor of 51 and 357.
51
Calculate the highest common divisor of 80 and 32.
16
What is the greatest common factor of 2464 and 8?
8
Calculate the highest common factor of 40 and 37580.
20
Calculate the highest common factor of 18 and 15.
3
What is the greatest common divisor of 32 and 6752?
32
Calculate the greatest common divisor of 32600 and 400.
200
Calculate the highest common factor of 1 and 233.
1
What is the highest common factor of 46111 and 13?
13
Calculate the greatest common